41 - 4, -i*f = -2*q - 29. Calculate the remainder when k is divided by f.
1
Let v be 2/(-8) - (-1708)/(-16). Let j = v + 112. Suppose 3*o + 8*n - 24 = j*n, -2*o - 5*n = -7. What is the remainder when 41 is divided by o?
8
Suppose 4*n + 4*u = 316, -367 = -3*n - 2*n + 2*u. Calculate the remainder when 419 is divided by 8/(-10)*n/(-2).
29
Let c = 127 - 127. Let j(y) = -18*y**3 - 2*y - 3. Let t be j(-2). Suppose -z - z + d + 151 = c, 2*z + d = t. What is the remainder when z is divided by 15?
14
Suppose -3*a + 63 = -33. Suppose -3*d = -5*q - a - 27, 2*d = 2*q + 42. Suppose -30*l - 1612 = -3532. Calculate the remainder when l is divided by d.
18
Let a(o) be the first derivative of -3*o**2/2 - 54*o + 156. What is the remainder when 66 is divided by a(-23)?
6
Let t(q) = 10*q - 6. Suppose -530 = -10*u + 2740. Suppose 2*x - 39 - 95 = -2*s, 5*s - 3*x - u = 0. Calculate the remainder when s is divided by t(4).
32
Suppose -4*q = -9*q - 20, 5*q - 1988 = -2*i. Suppose 4*v + u - 569 = i, -2*u = -10. Suppose 6*o = -o + v. Calculate the remainder when o is divided by 19.
18
Suppose 3*y = -5*v + 9*v + 24, -5*y = 2*v - 14. Suppose 12*h + 34 = 15*h - 5*j, -y*h - 4*j = -24. What is the remainder when 742 is divided by h?
6
Suppose 8916*y + 654 = 8936*y + 114. What is the remainder when 292 is divided by y?
22
Let q(d) = 6*d**2 - 3*d + 3. Let j be q(1). Calculate the remainder when 33 is divided by (-34)/(-4) - (j + 33/(-6)).
1
Calculate the remainder when 770 is divided by (18/(-8))/((-93)/5332).
125
Suppose -5*a + l + 52 = 27, 0 = 2*a - 2*l - 2. Calculate the remainder when 26 is divided by 3 + ((-12)/(-16))/(a/40).
2
Suppose -2*x = 2*l - 9816, 12687 = 3*x - 5*l - 2101. What is the remainder when x is divided by 24?
20
Let q(m) = 0*m**2 + 4*m**2 - 102 - 3*m**2 + 70 + 6*m. Calculate the remainder when 14 is divided by q(-10).
6
Suppose 22*j = -w + 18*j - 157, 0 = -3*w - j - 427. Calculate the remainder when w/(-3) - (0 - -1) is divided by 8.
6
Let n(b) = -b**3 + 13*b**2 + 17*b - 9. Let w be n(14). Let y = -49 + 72. Let i = w - y. Calculate the remainder when 19 is divided by i.
9
Let g(c) = -c + 18. Let m be (-16)/(-72) + ((-16)/9)/(-1). Let i be m*1*(-16)/(-2 + -2). Calculate the remainder when 49 is divided by g(i).
9
Let r = 4885 - 4526. Calculate the remainder when r is divided by 67.
24
Let y(q) = 5*q. Let a = -11 - -14. Suppose a*h - p = 8, 3*h + p = 2 + 2. Calculate the remainder when 108 is divided by y(h).
8
Let q(c) = 3*c**2 + 5*c + 4. Let w be q(-2). Let l be (w - -1)*144/(-56). What is the remainder when (l/30 + 2)/((-2)/(-10)) is divided by 4?
3
Let p = 2634 - 2467. What is the remainder when 1836 is divided by p?
166
Let s(u) = -3*u**2. Let z(d) = -14*d**2 - 32*d + 40. Let b(o) = -5*s(o) + z(o). What is the remainder when 102 is divided by b(0)?
22
Let r be (7/(-14))/(1/648). Let b = -122 - r. Calculate the remainder when b is divided by 34.
32
Let f = 1501 - 1373. Suppose -4*s + 2*s + 52 = 0. Calculate the remainder when f is divided by s.
24
Let g(j) = -6*j - 37. Let s be g(-7). Suppose 103 + 222 = s*b. Calculate the remainder when b is divided by 28.
9
Let l(k) = -k**3 + k**2 + 3*k - 4. Let c be l(3). What is the remainder when 112 is divided by (c + -3 - 3)*-1?
17
Suppose -b = -2*b + 7. Suppose 4*m + 74 = -106. Calculate the remainder when b is divided by -2 + m/27*-3.
1
Suppose 3*j = 20 - 5. Suppose -1083*z + 820 = -1063*z. What is the remainder when z is divided by j?
1
Suppose 11*h - 14*h - 297 = 0. Let u = -86 - h. What is the remainder when u is divided by 3?
1
Suppose 0 = 5*u + 2*n - 76, 5*u - 9*u + 4*n = -72. What is the remainder when 990 is divided by u?
14
Suppose 4*b = 3 + 1, 201 = j - 3*b. Suppose i - 46 = -5*p, -44 = 79*i - 81*i + 2*p. What is the remainder when j is divided by i?
22
Let u = -4 + 17. Let w be 4/((-3)/6*-4). Suppose 0 = -5*f + 3*l + 382, -w*f + 0*l = 2*l - 156. What is the remainder when f is divided by u?
12
Let l = 33 + 1. Let q = -8614 - -8673. Calculate the remainder when q is divided by l.
25
Suppose 0 = x - 2*i + i + 11, 2*x = -5*i + 13. What is the remainder when (-2)/2*(0 - -3 - 20) is divided by ((-2)/3)/(1/x)?
1
Suppose 3*g - 5*y - 31 = -5, -4 = 4*g + 3*y. Suppose g*p + 143 = 161. What is the remainder when 79 is divided by p?
7
Let o be (-7 + 3)*(-14)/7. Let g = 24 - o. Calculate the remainder when 46 is divided by g.
14
Let l(x) = 3*x**2 - 82*x + 605. Suppose -954 = n - 4*n. What is the remainder when n is divided by l(13)?
42
Calculate the remainder when (-2895)/9*432/(-90) is divided by 14.
4
Suppose 4542*s - 4610*s + 6052 = 0. Suppose -b = -5*b + 96. What is the remainder when s is divided by b?
17
Suppose 10*r - 489 = -319. Suppose 3*a = -3*p + 186, a - 122 = -2*p - 2*a. Calculate the remainder when p is divided by r.
13
Let w(u) = -u**3 + u**2 + 6*u - 1. Let v be w(3). Let r be (51 - -5)/7*9/v. Let y = r - -107. Calculate the remainder when y is divided by 9.
8
Let s(c) = 18*c**2 + 13*c - 40. Let m be s(3). Suppose -7*q - 5*y + m = -3*q, -5*q = -5*y - 145. What is the remainder when 54 is divided by q?
20
Let s be (-4)/((-24)/321) - 6/(-4). Suppose -3*b + s = 337. Let n = 23 - b. Calculate the remainder when n is divided by 40.
37
Suppose -17*k + 1987 = 712. Suppose 34*f = 31*f + k. What is the remainder when 97 is divided by f?
22
Suppose 0*r + 5*r = -p + 18, 3*p = 3*r. Let t be 26 + (15/(-3) - -4). Suppose 3*a = 8*a - t. Calculate the remainder when a is divided by r.
2
Suppose -14*j = -124 - 2. Suppose -930 - 141 = -j*d. Calculate the remainder when d is divided by 8.
7
What is the remainder when 559 is divided by 30 - (29 + -33)*(-5)/(-4)?
34
Let i = -19 + 25. Let z = -37 + 67. Calculate the remainder when 274/i - (-10)/z is divided by 16.
14
Suppose 5*z = 3*v - 2 + 10, z - 2*v = -4. Suppose -108 + z = -o. Let b(f) = 31*f - 127. What is the remainder when o is divided by b(5)?
20
Let s(x) = x**2 - 3*x - 2. Let j be s(5). Suppose 4*y + 172 = j*y. Suppose -2*q + y = 3. What is the remainder when q is divided by 6?
2
Suppose -8*w + 161 = -w. Suppose -3*c + 976 = -i, -687 = -2*c + 4*i - w. What is the remainder when 1/(c/(-65) + 5) is divided by 11?
10
Suppose 182*s - 187*s + 2*p + 3444 = 0, 2*p = s - 684. Calculate the remainder when s is divided by 303.
84
Let h be -223 + 30/6 + -3. Let n = h + 759. Calculate the remainder when n is divided by 49.
48
Suppose -2*z - 5*a = -21, 3*a + 16 = 44*z - 43*z. Suppose 227 = 3*c - g, -4*g + 67 = -z*c + 14*c. What is the remainder when 129 is divided by c?
54
Suppose 4*u + u - 466 = 2*q, q + 3 = 0. Suppose -2*i = a - 290 - 69, -5*a - 767 = -4*i. What is the remainder when i is divided by u?
91
Suppose -16 = -2*w + 4*g, 2*w + 18*g = 14*g + 24. Suppose -3*a + 23 = -7. Calculate the remainder when (112/(-10))/(w/(-25)) is divided by a.
8
Suppose -4*h = -8*h + 1180. What is the remainder when h is divided by (-1043)/(-28) + (-6)/24?
36
Suppose 138 = 15*g - 12. Let a = 5 - 3. Suppose 12 = 4*r, 0*r + 91 = 5*x + a*r. What is the remainder when x is divided by g?
7
Let u be (-56)/14 + 1024/(-4). Let z = u + 281. What is the remainder when 54 is divided by z?
12
Calculate the remainder when (-50)/(-15) + (-3019412)/(-66) is divided by 101.
100
Let h be (10/(-6))/(2/(-6)). Suppose 5*g - 60 + 6 = -y, 192 = h*y - g. Calculate the remainder when 70 is divided by y.
31
Suppose -3*b + 11*j = 13*j + 1127, b - j + 369 = 0. Let k = b + 624. Calculate the remainder when k is divided by 85.
81
Let r(z) be the second derivative of -1/20*z**5 + 10*z**2 + 3/2*z**3 + 0 - 1/3*z**4 + 26*z. Calculate the remainder when r(-6) is divided by 10.
8
Suppose -4*i = -3*l + 70, -6*l - 35 = -11*l - 5*i. Calculate the remainder when 615 is divided by l.
13
Let l(u) = 46*u - 57. Let r be l(12). Suppose 16*d - 7*d - r = 0. What is the remainder when 380 is divided by d?
50
Suppose 855 = 4*y + y + 5*s, -4*y - 3*s = -688. Let n be 10 + -5*48/40. What is the remainder when y is divided by 207/13 - (60/(-195))/n?
15
Let v be (-12 + -2)*(-6)/(-12)*-3. Suppose 84 = -v*x + 294. Suppose 5*i - 69 = -3*p, -11 = -5*p + 4*i + 67. Calculate the remainder when p is divided by x.
8
Let c be (4/8)/((-2)/888). Let q = c - -333. What is the remainder when q is divided by 28?
27
Let x(h) = -531*h**2 - 10*h + 13. L